d y.
134
Suppose 43 - 11 = 4*n. Let s = -6 + n. Suppose -f + s*j = -17, 6*j = 2*j. What is the greatest common factor of f and 68?
17
Suppose -3*v + 6*d = d - 330, -330 = -3*v - 2*d. What is the highest common factor of v and 20?
10
Suppose -2*v = -x + 2, -5*x + v - 17 = -63. What is the highest common factor of x and 42?
2
Let x = 173 + -103. Suppose 0 = n + 5*o - 10, -5*o + 3 = 13. Calculate the highest common divisor of x and n.
10
Suppose -8*r + 4416 = -2*r. Calculate the highest common divisor of 46 and r.
46
Let i be (12/14)/((-26)/(-2548)). Calculate the greatest common factor of 126 and i.
42
Let w(v) = v + 18. Let s = 17 - 10. Let i be w(s). Calculate the greatest common divisor of i and 5.
5
Suppose -10*x + 639 + 51 = 0. What is the greatest common divisor of x and 23?
23
Suppose 5*j + 4*u - 4 = 0, j = 2*j + u. Suppose -s = -j*s + 192. What is the highest common divisor of 16 and s?
16
Let p be (-15945)/(-120) + 1/8. What is the greatest common factor of 95 and p?
19
Let g = 107 - 30. Let u be -1*3/(12/(-20)). Suppose 0 = u*n - 3*k - 46, 21 = 3*n + k - 5*k. Calculate the greatest common divisor of n and g.
11
Let y = -588 + 597. Calculate the greatest common divisor of 72 and y.
9
Suppose 0 = 5*f + 10, 2*r - 11 = 4*f - 3. Let o(n) = n**3 + n**2 + n + 10. Let m be o(r). What is the highest common divisor of m and 190?
10
Let a(w) = w**3 + 6*w**2 + 19*w + 123. Let i be a(-6). Calculate the highest common divisor of 8 and i.
1
Let d be (-2)/(-7) - (3 - 18220/28). What is the greatest common factor of 8 and d?
8
Suppose -7*y = 3*x - 2*y - 140, 0 = -5*x - 5*y + 220. Let h be 12 + (-3)/((-9)/(-6)). What is the greatest common divisor of h and x?
10
Suppose 66*m - v + 80 = 69*m, -160 = -5*m + 5*v. Calculate the highest common divisor of m and 6.
2
Let n(x) = -11*x - 777. Let y be n(-79). What is the greatest common factor of y and 1426?
46
Let w(v) = 9*v**2 - 9*v - 19. Let n be w(-4). Calculate the highest common divisor of n and 115.
23
Suppose b - 18 = 4*b. Let t be (-5)/((-180)/(-8)) + (-176)/18. Let m be b/t*(-8 - -23). What is the greatest common divisor of 45 and m?
9
Let g(f) = f**2 - 19*f - 17. Let y be g(20). Suppose -119 = -y*w + 5*s, -2*w + 50 = -0*s + 4*s. What is the highest common factor of w and 33?
33
Let q be 6/6*(6 + 2). Suppose -i + q + 6 = 0. Let c = -24 - -59. What is the highest common factor of i and c?
7
Let b(g) = g**2 - 15*g + 28. Let i be b(13). Suppose -102 = -5*h + 3*c + c, i = c. What is the highest common factor of h and 22?
22
Let l = 19 - 7. Let j = 73 - -11. What is the highest common divisor of l and j?
12
Let z be (((-3)/(-2))/((-51)/(-2312)))/1. What is the greatest common divisor of 51 and z?
17
Suppose -3*y + 2 = -1, -o = 4*y - 11. Let a(b) = -15*b**3 - 6*b**2 - 6*b - 1. Let w be a(-1). What is the highest common divisor of w and o?
7
Let r(u) = u + 324. Let x be r(5). What is the greatest common divisor of 14 and x?
7
Let c(p) = -2*p**2 - 38*p + p**3 + 37*p + 25 - 16*p**2. Let t be c(18). What is the highest common factor of 2 and t?
1
Let i(n) = n**3 - 12*n**2 - 11*n - 11. Let b be i(13). Calculate the greatest common divisor of 8 and b.
1
Let g be 18*(-1)/7*-14. Let j(d) = -d + 1. Let s(f) = -6*f + 4. Let q(l) = 5*j(l) - s(l). Let n be q(17). What is the greatest common divisor of g and n?
18
Suppose -5*i + 3*n = -86, i + 5*n - 5 - 1 = 0. What is the highest common factor of 104 and i?
8
Let p = 254 - 130. Let b = p + -70. Let g = 62 + b. Calculate the highest common divisor of g and 29.
29
Let b(r) be the third derivative of 4*r**5/5 - r**4/12 - r**3/6 + r**2 - 5*r. Let d be b(2). What is the highest common factor of 17 and d?
17
Let a(v) be the first derivative of -v**2 + 2*v - 4. Let s be a(8). Let g = s + 59. Calculate the greatest common divisor of g and 5.
5
Suppose -5*x + 45 = 3*i, 0 = 2*x - 3 - 3. Let r be (-4)/(-12)*-1*-18. Let j be 0 + -6*r/(-9). Calculate the greatest common divisor of j and i.
2
Suppose -440 = -187*p + 167*p. What is the highest common divisor of 374 and p?
22
Suppose 2*o + 5 = -b - 0*o, -3*o - 1 = -5*b. Let t be (2 - b*32) + -4. Calculate the highest common factor of 120 and t.
30
Suppose 0 = -27*r + 735 + 2208. Calculate the greatest common factor of 1744 and r.
109
Let l(b) = b**3 + 10*b**2 + 8*b - 7. Let p be l(-9). Let g be (0 - 0)/3 - -2. Calculate the greatest common divisor of g and p.
2
Suppose o = -2*l + 45, -5*o = -0*l + l - 45. Let h = l - 18. Suppose 6*c = h*c + 4*m + 76, -5*m = 0. Calculate the highest common factor of 19 and c.
19
Suppose 110 + 30 = 2*w. Let c = -7504 + 7609. Calculate the greatest common divisor of c and w.
35
Suppose -202*w + 232*w - 1740 = 0. Calculate the highest common factor of 319 and w.
29
Let l(p) = -p**2 + 192. Let d be l(0). Suppose h = -3*h - d. Let g be (h/14)/((-2)/21). What is the highest common divisor of g and 9?
9
Let w(k) = -3*k**2 + 3. Let v(s) = 7*s**2 - 5. Let r(h) = -2*v(h) - 5*w(h). Let p be r(7). Let q = -81 + 92. What is the highest common divisor of q and p?
11
Suppose 4*t - 42 = 2*f, -37*t - f + 31 = -35*t. Let u = 164 - 60. What is the greatest common factor of t and u?
13
Suppose 0 = 7*s + 414 - 1261. What is the highest common factor of 209 and s?
11
Let v = 30 + -27. Suppose 63 = -3*b - 21. Let t = b + 43. What is the greatest common divisor of v and t?
3
Suppose l + 24 = 2*l. Suppose -4*t + 18 = -t. Let m be (54/(-15))/(t/(-440)). What is the greatest common factor of l and m?
24
Let o be ((-4)/(-6))/(38/399). What is the highest common divisor of 21 and o?
7
Let u = -2 + 7. Suppose u*k - 8 = 7*k. Let s be (-122)/k + 2/(-4). Calculate the highest common divisor of s and 12.
6
Suppose 0 = -3*c + 5 - 44. Let o(u) = 2*u + 13. Let i be o(5). Let d = c + i. What is the greatest common divisor of 20 and d?
10
Suppose 2*x + 6 = -2*r, -7*r + 4*x - 6 = -2*r. Let s be r + 4 + 10 + -1. What is the highest common divisor of s and 88?
11
Suppose 3 = m, -z - 5*m + 7*m + 9 = 0. Let q be (-1)/2*0/2. Suppose 0 = 2*y - q*y - 6. What is the highest common divisor of y and z?
3
Let v(x) = -2*x**3 - 3*x**2 - 8*x - 8. Let z be v(-4). Suppose z = 34*g - 30*g. Calculate the highest common factor of 65 and g.
13
Let n(a) = a**2 - 3*a - 1. Let i be n(2). Let c(o) = -o**3 - 2*o**2 + 2*o. Let r be c(i). Let j = r - -5. Calculate the highest common divisor of j and 1.
1
Let q be ((-28)/2 + -4)*-20. Suppose -5*o + 9 = 2*u - q, 3*u + 2*o - 526 = 0. Let w = -108 + u. What is the highest common divisor of w and 16?
16
Suppose 0 = -6*u + 390 - 264. Calculate the highest common divisor of u and 189.
21
Let n be (-5 - (-123)/(-6))*-6. Calculate the greatest common divisor of 4590 and n.
153
Let x(j) = j**3 + 11*j**2 + 19*j - 7. Let q be x(-8). Suppose -4*p + q = -3*p. What is the highest common factor of p and 44?
11
Suppose -4*a - 557 = 5*q, -a = -q + 2*a - 100. Let x = 373 + q. Calculate the highest common factor of 24 and x.
24
Let j = 91 + -83. Suppose -11 = -j*q + 21. Suppose -3*v + 51 - 12 = -5*l, -l = 5*v - 37. Calculate the highest common divisor of v and q.
4
Let d(m) = 2*m**2 + 6*m + 7. Let x be d(-6). Suppose 4*o = o + 48. Let p = x - o. What is the greatest common divisor of p and 18?
9
Suppose 0 = -2*l - 4 + 80. Suppose 0 = -l*o + 34*o + 48. What is the greatest common factor of 3 and o?
3
Suppose -h = -2*h - 133. Let n be (8/7)/((-38)/h). Calculate the greatest common divisor of n and 2.
2
Suppose 0 = -3*s - 3*y - 6, 2*s = 3*s + 3*y + 12. Suppose s*q - 468 = -q. Calculate the highest common divisor of q and 13.
13
Suppose -q - 3 = -14. Suppose -8*z - 48 = -q*z. Calculate the highest common factor of z and 16.
16
Suppose -15*z + 358 = -227. Calculate the highest common factor of z and 13.
13
Let m = -111 - -244. Let l be -4 + 152/36 - m/(-9). Calculate the greatest common factor of 45 and l.
15
Suppose 0 = -k + 12*t - 9*t + 14, 0 = -4*k - 4*t + 8. What is the greatest common factor of k and 80?
5
Suppose 14*d = 11*d + 216. Calculate the highest common divisor of 18 and d.
18
Suppose 0 = -q + 253 - 93. Suppose 182 = 6*j - 10. What is the highest common divisor of q and j?
32
Suppose 23 = 4*g - f + 5, -3*f + 1 = -g. Suppose -4*o = 2*m - 62, -2*o + o = g*m - 11. Let x be 28 - (o/2)/4. What is the greatest common divisor of x an